c + 13 - 7*c. Let a be x(-3). What is the highest common factor of 640 and a?
80
Let t = -236 - -1048. Let k = t - 758. Calculate the greatest common factor of k and 189.
27
Suppose 4*w = 5*m - 229 - 415, 2*m - 246 = -10*w. Calculate the highest common divisor of m and 528.
16
Let x(g) be the first derivative of 5*g**2/2 + 145*g + 68. Let d be x(-28). Calculate the highest common divisor of 65 and d.
5
Suppose -m = 6 - 3. Let h be (m - -1) + 2 - -4. Suppose 4*t + 0*r - 13 = 5*r, -2*t = -5*r - 9. Calculate the greatest common factor of h and t.
2
Suppose 379*c - 381*c + 10 = 0. Suppose -i - c = -19. What is the highest common factor of i and 224?
14
Let d(w) = -w**3 + 17*w**2 + 21*w + 18. Let j be (-6 - 30)/(3*2/(-3)). Let s be d(j). What is the greatest common factor of s and 144?
72
Let d be (4/(-10))/((-1)/1150 + 0). Let v = d + -308. Suppose 4*r + 48 = 4*m - 24, 3*r = -2*m + 41. What is the greatest common divisor of v and m?
19
Suppose 0 = 5*l + 56*v - 58*v - 1394, 0 = -5*l - 4*v + 1382. What is the greatest common factor of 2641 and l?
139
Let z be (0 - -1) + 11 + 1. Let p be (-3458)/(-19)*9/2. Suppose -2*k + p = 7*k. What is the greatest common factor of k and z?
13
Let i(o) = -3*o**2 + 21*o + 23. Let b(y) = 13*y**2 - 84*y - 91. Let t(a) = 2*b(a) + 9*i(a). Let w be t(16). Calculate the greatest common factor of w and 42.
21
Suppose 4*k - 5*z - 53 = 0, 34 = 6*k - 3*k + 2*z. Suppose -k*r = -7*r - 135. Let d = 107 - 89. What is the greatest common divisor of r and d?
9
Suppose -19*m + 824 - 178 = 0. Suppose -2*f + m = 2*u, -5*u + 8*u - f - 35 = 0. What is the greatest common factor of 117 and u?
13
Suppose -13*d + 9*d - 3132 = 0. Let x = 1355 + d. Calculate the highest common factor of 88 and x.
44
Let k be 7746/8 - ((-1035)/92)/(-45). Calculate the highest common divisor of k and 32.
8
Suppose 0 = -3*o - 7*w + 2*w - 14, 4*w - 72 = 4*o. Let y(d) = -27*d - 95. Let q be y(o). Calculate the greatest common factor of 16 and q.
16
Suppose 10*u = -z + 6*u, 4*z - 80 = 4*u. Suppose -z*q + 3*q = -39. Suppose -4 = -g + 3*a, 5*a + 8 = g + 2. What is the highest common factor of q and g?
1
Let h(q) = 0*q + 1 - 1 - q. Let g = -72 - -62. Let d be h(g). What is the greatest common factor of d and 20?
10
Suppose -2*o + 6 = -2. Suppose -4*c = -o*s - 60, -2*s = c + c - 26. Suppose 176 = 6*i + c. What is the highest common factor of 27 and i?
27
Let a(n) = -72*n + 1230. Let t be a(17). What is the greatest common divisor of t and 2468?
2
Let n(r) = 5*r**2 - 10*r + 29. Let a be n(-6). Let l = a + -255. Calculate the greatest common factor of 42 and l.
14
Suppose 0 = 8*l - 4*l - 52. Suppose -4*x - 5*h = -l, 3 = x + 5*h - 4. Let m be (9/2 + x)/((-1)/(-26)). Calculate the greatest common factor of m and 13.
13
Suppose 18*o - 885 = 13*o. Suppose 14*d - o - 229 = 0. Suppose -5*x + d = c, -2*x + 32 - 10 = 3*c. What is the highest common divisor of 48 and c?
4
Suppose 3*z - 36569 = -5*l, -799*z + l = -801*z + 24384. What is the highest common factor of 89 and z?
89
Suppose 0*b = 3*b - 276. Let w = -5223 - -5246. Calculate the highest common divisor of w and b.
23
Let q be 24/(32/(-8)) + 3. Let w be (-294)/(-7) + 1*q. What is the greatest common factor of w and 13?
13
Let t be 1818/12*(-3)/(36/(-424)). Calculate the highest common factor of 53 and t.
53
Suppose 7*t - 160 = 2*t - 4*p, 2*p + 82 = 2*t. Let u be (-2)/(-4) - (-13)/((-26)/(-383)). Calculate the highest common factor of t and u.
12
Suppose 107 = 2*u + 632*d - 637*d, -4*u + d + 259 = 0. Calculate the greatest common factor of u and 78.
6
Suppose 10*x - 5*x = 0. Let t(w) = -w**3 + 5*w**2 + 24*w - 18. Let j be t(8). Let m be j*(-3 + 2) + x. Calculate the greatest common divisor of 2 and m.
2
Suppose 0 = -245*q + 252*q - 3094. Suppose -51 - q = -17*l. What is the greatest common divisor of l and 29?
29
Let x(s) = 9*s**2 - 73*s - 150. Let l be x(-2). Let f be 8*(17 - (-1 + -2)). What is the highest common factor of l and f?
32
Suppose 26 = 2*z - 30. Let b = 9539 + -9523. What is the highest common divisor of z and b?
4
Let j = 44790 - 44775. Calculate the highest common divisor of 40860 and j.
15
Suppose 0 = -176*x + 336*x - 1160640. What is the highest common divisor of 36 and x?
18
Let p = -56 - -12. Suppose -3*n - 161 = m, 2*n - 5*n - 4*m - 158 = 0. Let l = p - n. Calculate the greatest common factor of 25 and l.
5
Suppose 8425 = -32*p + 73*p - 36*p. What is the greatest common divisor of p and 10?
5
Let x = -2690 + 4148. What is the highest common divisor of 6 and x?
6
Let t(d) = -32*d + 64. Let v be t(7). Let z = v + 301. Calculate the highest common factor of z and 235.
47
Let m(i) = -133*i - 25. Let q be m(-2). Suppose z - 3*t - q = 0, 1015 = 8*z - 4*z + 5*t. Calculate the highest common divisor of z and 200.
50
Let m = -218 + 344. Let j be 6/(-14) + (-792)/(-84) + 5. Calculate the greatest common divisor of m and j.
14
Suppose 3*d - d - 24 = 0. Suppose -q = 6*q + 945. Let k = -99 - q. What is the greatest common divisor of d and k?
12
Suppose -975 = -2*k + 5*g, 947 + 928 = 4*k + 5*g. Let v = -266 + k. Calculate the highest common divisor of 11 and v.
11
Let t be 12 + (2 - 3)*(-14)/((-84)/(-30)). What is the highest common factor of t and 75395?
17
Let j be (-10)/(-145) - ((-30)/(-18) + (-71131)/87). Calculate the highest common factor of j and 1292.
68
Suppose 6*z - 2*z = -3*y + 67, 3*y - z = 62. Suppose -y = -5*a - s, -a = -5*a + s + 24. Let n = -157 - -167. Calculate the greatest common divisor of a and n.
5
Let g(j) = -2*j**3 + j**2 - j - 657. Let d be g(0). Let s = -602 - d. Calculate the greatest common divisor of s and 5.
5
Let j be 33 - (-15 - (45 - 28)). Suppose 2*n - 15 = -5*h, 5*h - 13 - 32 = -5*n. Calculate the greatest common factor of j and n.
5
Suppose 3*y = -2*y + l + 30, 2*y + 2*l = 0. Suppose -4*h = -2*t + y*t - 512, 4*h - 160 = -t. Calculate the highest common factor of 16 and t.
16
Suppose 0 = 14*j - 81875 + 79943. Calculate the greatest common divisor of 618 and j.
6
Let w be 18 - 22 - -9 - -19. Calculate the highest common factor of w and 402.
6
Suppose 0 = -3*h + 2*w + 7, 2 - 4 = -2*h + 4*w. Suppose 3*x = -2*n - 1, 5*x = -h*n - 2 + 1. Calculate the highest common divisor of x and 12.
1
Suppose g = 6*c - 1804, -309 = -c - 17*g + 13*g. Let k = -6 - -13. Calculate the highest common factor of k and c.
7
Suppose -3*u = 7 - 28. Suppose 0*p = u*p - 686. Suppose j + 3*d = 2*j - 20, -2*d - 74 = -5*j. Calculate the greatest common divisor of j and p.
14
Suppose -3*v + 3 = 0, t + v + 43 = 165. Let b(y) = 36*y + 24. Let h be b(5). Let k = h + -193. What is the greatest common divisor of k and t?
11
Let f(z) = 142*z + 2374. Let a be f(-15). Calculate the greatest common divisor of 7686 and a.
122
Let x be (-18)/15*10/(-4). Suppose b = 3, v - 7*b - 6 = -9*b. Let f(w) = -w**2 + 5*w + 3. Let m be f(v). Calculate the highest common divisor of m and x.
3
Suppose r = 168 - 0. Suppose 0 = -r*u + 169*u - 29. Calculate the highest common factor of u and 232.
29
Suppose 2*t - 6 = -8, -3*t = -2*j + 11. Suppose a - j*d = -2*d - 6, -4*a + 20 = 3*d. What is the highest common divisor of 16 and a?
2
Let r(g) = -5*g. Let z(c) = -c + 3. Let l be z(6). Let m be 1/((-28)/8 - l). Let x be r(m). Calculate the highest common factor of x and 2.
2
Let s = 1661 + 1132. What is the highest common divisor of s and 84?
21
Let l be (-1438)/(-9) - (15 + (-959)/63). What is the greatest common divisor of l and 95?
5
Let s(f) = 145*f**2 - 352*f + 1020. Let q be s(3). Calculate the greatest common divisor of q and 108.
27
Let t(v) = -v**3 - 13*v**2 + 43*v + 363. Let d be t(-15). Calculate the highest common factor of 1704 and d.
24
Suppose -1815 = -25*o + 23*o + 3*z, 0 = z + 5. What is the greatest common factor of o and 72?
36
Let u = -47 - -87. Let q = u - 43. Let m be (2 + -2)/(-1) + 120 + q. Calculate the highest common divisor of m and 9.
9
Let i(o) = o**3 + 10*o**2 - 815*o - 6. Let s be i(25). What is the greatest common factor of s and 144?
18
Suppose 5*r + 204 + 176 = 0. Let u = r + 132. Calculate the greatest common divisor of 196 and u.
28
Let j = 17 - -18. Let d be -2*(-189)/(-6)*(-27)/81. What is the greatest common divisor of j and d?
7
Suppose 0 = 2258*j - 2227*j - 496. Let c be (12/4 + -4)*-16. Calculate the